 Let w(n) = -n + 11. Give w(h).
7
Let t(l) = l**2 - 2*l - 4. Let d(u) = u**2 + 19*u + 9. Let q be d(-18). Let x be q - (6 - 2 - 10). Give t(x).
11
Let m(g) = 5*g**3 + 23*g**2 + g + 10. Let o(i) = 4*i**3 + 21*i**2 + i + 8. Let u(x) = -3*m(x) + 4*o(x). What is u(-15)?
-13
Let v(r) = -15*r**2 - 2*r - 177. Let s(m) = -m**2 - m - 22. Let i(q) = -8*s(q) + v(q). What is i(1)?
-2
Suppose 4*y + 75*y + 316 = 0. Let m(i) = -i**3 - 5*i**2 + i + 4. What is m(y)?
-16
Let l(y) = -y**2 + 2*y + 2. Let x be ((-144)/(-45))/((7/(-10))/(-7)). Suppose -x + 4 = -7*c. Give l(c).
-6
Suppose 5*x - 37 = -2*t, -3*t = 4*x - 4*t - 40. Let u be 2/(-6) + 30/x. Suppose 0 = u*l + 16 - 25. Let h(g) = g**2 + 2*g. Determine h(l).
15
Let l = -10 - -110. Let a = 65 - l. Let s = a + 42. Let r(q) = -q**2 + 3*q + 7. Give r(s).
-21
Let h(a) = -a**2 + 18*a - 74. Let n be h(10). Suppose 23 - 35 = -n*k. Let b(t) = -2*t**2 + 2*t + 1. Determine b(k).
-3
Let h(s) be the third derivative of -3*s**4/8 + 3*s**3/2 + 5600*s**2. What is h(-3)?
36
Let l = 26 - 30. Let x be ((-3)/(-4))/(l/(-16)). Suppose -x*q = -2*m + 12, m = 5*q - 3*m + 18. Let t(h) = -h - 6. What is t(q)?
0
Let y(p) = -p + 6*p - 4*p + 1. Let f(h) = -22*h**2 - 549*h + 30. Let g be f(-25). What is y(g)?
6
Let u = -5819 + 5817. Let m(p) = 3*p**2 - p - 2. Let n(d) = 7*d**2 - 3*d - 5. Let k(q) = 10*m(q) - 4*n(q). Determine k(u).
4
Let v(o) = -1210*o - 6055. Let t be v(-5). Let u(r) = -7 - r + 1 - 5. Determine u(t).
-6
Let q(f) be the first derivative of -f**3/3 + f**2/2 + 4*f - 11. Let l be q(2). Let h(g) = -7 - 6*g + 16*g + 7*g**2 - g**3 - l. Determine h(8).
7
Let a(c) be the first derivative of 1/3*c**3 - 3*c - 47 - 1/2*c**2. Calculate a(-3).
9
Let s(c) = -c**3 - 12*c**2 - 4*c + 82. Let i = 11911 + -11922. Calculate s(i).
5
Let a = -106118 - -106116. Let b(g) be the first derivative of -2*g**3/3 - g**2 - g + 1. Give b(a).
-5
Let b(y) = -48*y**2 - y + 19. Let z(l) = 71*l**2 + l - 27. Let i(p) = -7*b(p) - 5*z(p). Give i(-1).
-19
Let j(b) = 4*b + 13*b + 278 - 3*b**2 - 2*b - 280. Give j(5).
-2
Let r(x) = -13*x - 24. Let f(z) = -77*z - 140. Let o(y) = -6*f(y) + 35*r(y). Let d(a) = 6*a + 30. Let m be d(-11). Let q = m - -35. Calculate o(q).
-7
Suppose 15*b = 24*b - 22*b + 65. Let k(q) = -q**2 + 5*q - 4. What is k(b)?
-4
Let l(q) be the third derivative of -q**5/60 - 23*q**4/24 + 55*q**3/6 - 141*q**2 + 2*q + 3. Calculate l(-25).
5
Let o(y) = -7*y**3 - 32*y**2 + 18*y + 26. Let t(f) = -12*f**3 - 63*f**2 + 38*f + 51. Let s(c) = 7*o(c) - 4*t(c). Calculate s(27).
5
Let h(o) = 2*o - 2 - 17*o + 0 - o. Let w be h(-1). Let q(t) = w*t**2 - 2 + 7*t - 23*t**2 + t**3 + 0. Determine q(8).
-10
Let z(n) = 20*n**3 - 185*n**2 + 20*n - 55. Let v(o) = 7*o**3 - 65*o**2 + 7*o - 18. Let y(j) = -17*v(j) + 6*z(j). What is y(6)?
18
Let s = -93 + 105. Let r be 4/10 - s*141/30. Let j = -59 - r. Let z(p) = -p**2 - p - 1. What is z(j)?
-7
Let m(w) = 2*w**2 - 3*w + 2. Let r(b) = b - 4. Let h be r(1). Let c be m(h). Let q = -29 + c. Let z(x) = x - 6. Determine z(q).
-6
Let j(q) = -q**3 + 2*q**2 + 93*q + 1. Let b be j(10). Let u(m) = -144*m - 15 + 277*m - b*m. Calculate u(0).
-15
Suppose 22*t - 12876 = -7*t. Let p = 447 - t. Let y(a) = -3*a**2 + 9*a - 5. What is y(p)?
-5
Let q(l) = l**2 - 15*l - 14. Let n be (159/(-8) - (-237)/632)*2/(-3). Give q(n).
-40
Let j(w) be the second derivative of w**5/20 + 5*w**4/6 + 11*w**3/6 - 16*w**2 - 2*w + 346. Calculate j(-8).
8
Let z(s) = 2 - 1062*s**2 - 2 - s + 1063*s**2 + 2 - 4*s. Determine z(4).
-2
Let t = 619 + -637. Let b(a) = -a - 2. Determine b(t).
16
Let k(v) be the second derivative of v**5/20 + 5*v**4/6 + 4*v**3/3 + 15*v**2 + 14*v - 34. Give k(-10).
-50
Let j(p) = -9*p**2 - 44*p - 49. Let b(d) = 18*d**2 + 90*d + 111. Let f(v) = -4*b(v) - 9*j(v). Give f(-4).
-3
Let z(q) be the second derivative of q**5/20 + 11*q**4/12 + 3*q**3/2 - 9*q**2/2 - q. Suppose 6*l - 16 = -232. Let g = 26 + l. Calculate z(g).
1
Let i(m) = -3*m**2 - 4*m - 2. Let h = -766 - -769. Suppose -u = 0, -9 = h*d - u + 6*u. Determine i(d).
-17
Let f(r) be the second derivative of -6 - 4*r**2 - 1/2*r**4 - 1/6*r**3 + 1/20*r**5 + 7*r. Determine f(7).
34
Let z = 35 + -8. Let f(s) = -s**3 - 61*s**2 - 62*s - 117. Let a be f(-60). Let u(g) = -g - 29 + a*g + z. Calculate u(5).
8
Suppose 0*n = -b + 2*n - 1, 3*n = -b - 11. Let s(v) = 13*v + 70. What is s(b)?
5
Let p(v) = -7*v + 42. Suppose -37*x + 210 = -7*x. Let q be p(x). Let r(z) = -z**2 - 9*z - 2. Give r(q).
12
Let m(f) be the third derivative of f**6/120 - 7*f**5/60 - 11*f**4/24 - f**3/2 + f**2 - 490*f. Give m(8).
-27
Let g(m) = 27*m**2 + 142*m + 82. Let b(v) = -10*v**2 - 51*v - 27. Let k(x) = -8*b(x) - 3*g(x). Determine k(-13).
35
Let q(t) = t**2 + 10*t + 6. Let f be q(-8). Let u be -1 - 15/(-75) - (-2)/f. Let o(v) = 7*v**3 + 2*v**2 + v. Give o(u).
-6
Let z(y) = y**2 - 13*y + 35. Let c = 3406 + -3397. What is z(c)?
-1
Let y be -3*(-4 + 2 + 4). Let j(c) = -677002*c**2 - c - 1 + 9 - 6*c + 676994*c**2 - c**3. What is j(y)?
-22
Let w(k) = k**2 - 49. Let y(q) = 6*q**2 + 26*q - 228. Let n(b) = 4*w(b) - y(b). Give n(-14).
4
Let s(c) = -21*c - 236. Suppose -5*z - n = 58, -118*n + 28 = -3*z - 122*n. Determine s(z).
16
Let i(v) = -v**3 - 2*v**2 + v - 79. Suppose 15*g = -4 - 1 + 5. Give i(g).
-79
Let h = 12 - 20. Let u(l) = 0*l**2 - 8187 + l**3 + 8192 + 7*l**2 - 7*l. Give u(h).
-3
Let p(m) = 15*m**2 - 5*m - 6. Suppose -5*g - 30 = 41*q - 46*q, 5*q = -5*g + 20. Determine p(g).
14
Suppose 3*j - 48 = 4*b, -5*j + 3*b = -52 + 27. Let f(n) = n**2 + 2*n + 9. Let h(y) = -y**2 - 3*y - 8. Let t(v) = -4*f(v) - 5*h(v). Determine t(j).
-8
Let k(v) = 6*v - 1. Let z be (-138)/(-184) - (-9)/4. What is k(z)?
17
Let n(j) = 13*j - 176. Let d be n(13). Let v(s) = 10*s + 5. Let i(g) = 9*g + 6. Let w(k) = -4*i(k) + 3*v(k). Calculate w(d).
33
Let d(z) be the first derivative of -z**4/2 - z**3 + 15*z**2/2 + 15*z + 8178. Determine d(-3).
-3
Let u(t) = -4*t**2 - 10*t + 10. Suppose 5*w - 99 = -94. Calculate u(w).
-4
Let s(w) = -17*w - 3. Let g(o) = -12*o - 2. Let t(p) = 12*g(p) - 8*s(p). Give t(-1).
8
Let o(q) = q + 7. Let v(f) = -f - 9. Let w(p) = -5*o(p) - 3*v(p). What is w(-6)?
4
Let b(r) = 3*r + 503. Let d(o) = 4*o + 656. Let u(v) = -13*b(v) + 10*d(v). Calculate u(-16).
5
Let q be (-1)/((-4)/(-12)) + 4. Let d be (q/(-3)*10)/(5/(-15)). Suppose 30 = -0*u - d*u. Let z(j) = -j**3 - 4*j**2 - 3*j - 1. Calculate z(u).
-1
Let z(a) = -11*a**2 + 4*a - 21. Let x(c) = -4*c**2 + c - 7. Let y(b) = -8*x(b) + 3*z(b). What is y(0)?
-7
Let w = 9 - 6. Let b(p) be the second derivative of 49*p - 2/3*p**3 + 1/3*p**4 + 2 - 1/20*p**5 + 1/2*p**2. Give b(w).
-2
Let d be 64/256 - (-14)/8. Let b(n) = 6*n**2 - 2*n - 1. What is b(d)?
19
Let q(y) be the second derivative of -y**4/24 + y**3 + 13*y**2/2 - y - 23. Let z(l) be the first derivative of q(l). Determine z(4).
2
Let r(g) = g**2 - 7*g - 2. Let n(t) = -4*t - 17. Let q be n(-6). Suppose 3*m + 2 = -q. Let z(c) = 2*c**2 - 15*c - 4. Let i(p) = m*z(p) + 7*r(p). What is i(5)?
3
Let l(v) be the third derivative of 0 + 0*v**3 + 1/24*v**5 + 18*v**2 - 1/4*v**4 + 0*v + 1/720*v**6. Let p(k) be the second derivative of l(k). Determine p(0).
5
Let o(i) = 11*i**2 + 10*i + 1. Let c(m) = -7*m**2 - 7*m - 1. Let u = -339 + 347. Let p(a) = u*c(a) + 5*o(a). Give p(-4).
5
Let m(a) = a**3 + 46 + a - 95 - 5*a**2 + 0*a**2 + 53. Let s = -26 - -30. What is m(s)?
-8
Let x(m) be the third derivative of m**5/60 + 3*m**4/8 - 4*m**3/3 + 578*m**2. Determine x(-7).
-22
Let y(g) = -235*g**2 - 59*g - 137. Let l(i) = 353*i**2 + 57*i + 138. Let s(w) = 2*l(w) + 3*y(w). Give s(65).
-5
Let s(g) = -4*g - 41. Let q(d) = -4*d - 57. Let h(v) = 4*q(v) - 5*s(v). What is h(5)?
-3
Let v(j) be the first derivative of -35*j**2 + 21*j - 34. Let f(s) = 7*s - 2. Let d(o) = -21*f(o) - 2*v(o). Let i be 1 + 0 + (-2 - -2). Determine d(i).
-7
Let p(b) = -4 - 17*b**2 + 1 - 11*b + 12*b + 44. Let n(v) = -3*v**2 + 8. Let k(a) = -11*n(a) + 2*p(a). What is k(4)?
-14
Let g be 12/(-18) + (20/(-3))/(-4). Let d(j) = -2*j**2 - 3. Let a(p) = -p**2 - 1. Let k(m) = g*a(m) - d(m). Determine k(2).
6
Let k(f) = f**2 - 2. Let z = -45 - -47. Suppose -5*y + 3*g - 126 = 0, 0 = 3*y - z*g - 0 + 75. Let a(b) = -2*b - 56. Let i be a(y). Determine k(i).
2
Let q(i) = 39*i - 24*i + 2 - 4*i**2 - 18*i. Let d b